{"id":18,"date":"2019-09-05T15:53:01","date_gmt":"2019-09-05T13:53:01","guid":{"rendered":"http:\/\/lastrolab.com\/?page_id=18"},"modified":"2019-09-06T09:27:12","modified_gmt":"2019-09-06T07:27:12","slug":"a-propos","status":"publish","type":"page","link":"https:\/\/lastrolab.com\/index.php\/a-propos\/","title":{"rendered":"A propos"},"content":{"rendered":"\n<h1 class=\"wp-block-heading\"><strong>L&rsquo;astrolab*<\/strong> <br>Edition + Communication<\/h1>\n\n\n\n<h4 class=\"wp-block-heading\"><strong>&gt; une agence pluridisciplinaire et cr\u00e9ative &lt;<\/strong><\/h4>\n\n\n\n<p class=\"has-regular-font-size\"><strong>L\u2019astrolab, agence conseil en communication visuelle, <\/strong>intervient sur tous les aspects li\u00e9s \u00e0 votre image (identit\u00e9 visuelle, charte graphique, affiche, programme\u2026).<br><br><strong>L\u2019astrolab, agence conseil en communication \u00e9ditoriale,<\/strong> est sp\u00e9cialis\u00e9e dans l\u2019\u00e9dition d\u00e9l\u00e9gu\u00e9e de programmes culturels, journaux institutionnels, publications internes\u2026 <\/p>\n\n\n\n<p style=\"font-size:15px\" class=\"has-text-color has-light-gray-color\"><strong>Domaines d\u2019expertise <\/strong><br>Conseil en communication \/ Direction artistique \/ Conception r\u00e9daction \/ Conception graphique \/ Suivi de fabrication \/ Diffusion<\/p>\n","protected":false},"excerpt":{"rendered":"<p>L&rsquo;astrolab* Edition + Communication &gt; une agence pluridisciplinaire et cr\u00e9ative &lt; L\u2019astrolab, agence conseil en communication visuelle, intervient sur tous les aspects li\u00e9s \u00e0 votre image (identit\u00e9 visuelle, charte graphique, affiche, programme\u2026). L\u2019astrolab, agence conseil en communication \u00e9ditoriale, est sp\u00e9cialis\u00e9e dans l\u2019\u00e9dition d\u00e9l\u00e9gu\u00e9e de programmes culturels, journaux institutionnels, publications internes\u2026 Domaines d\u2019expertise Conseil en communication [&hellip;]<\/p>\n","protected":false},"author":1,"featured_media":0,"parent":0,"menu_order":0,"comment_status":"closed","ping_status":"closed","template":"","meta":{"_monsterinsights_skip_tracking":false,"_monsterinsights_sitenote_active":false,"_monsterinsights_sitenote_note":"","_monsterinsights_sitenote_category":0,"footnotes":""},"class_list":["post-18","page","type-page","status-publish","hentry","missing-thumbnail"],"aioseo_notices":[],"_links":{"self":[{"href":"https:\/\/lastrolab.com\/index.php\/wp-json\/wp\/v2\/pages\/18","targetHints":{"allow":["GET"]}}],"collection":[{"href":"https:\/\/lastrolab.com\/index.php\/wp-json\/wp\/v2\/pages"}],"about":[{"href":"https:\/\/lastrolab.com\/index.php\/wp-json\/wp\/v2\/types\/page"}],"author":[{"embeddable":true,"href":"https:\/\/lastrolab.com\/index.php\/wp-json\/wp\/v2\/users\/1"}],"replies":[{"embeddable":true,"href":"https:\/\/lastrolab.com\/index.php\/wp-json\/wp\/v2\/comments?post=18"}],"version-history":[{"count":5,"href":"https:\/\/lastrolab.com\/index.php\/wp-json\/wp\/v2\/pages\/18\/revisions"}],"predecessor-version":[{"id":36,"href":"https:\/\/lastrolab.com\/index.php\/wp-json\/wp\/v2\/pages\/18\/revisions\/36"}],"wp:attachment":[{"href":"https:\/\/lastrolab.com\/index.php\/wp-json\/wp\/v2\/media?parent=18"}],"curies":[{"name":"wp","href":"https:\/\/api.w.org\/{rel}","templated":true}]}}